7 - -4). Let o(l) = f - 3 - 4 + 0 + l. What is o(4)?
-3
Let b = 8 + -4. Let j(n) = n + 1. Let u(l) = -l**3 + 3*l**2 + l - 5. Let y(p) = -3*j(p) - u(p). Calculate y(b).
2
Let y(d) be the third derivative of d**4/12 + d**3/3 + 10*d**2. Determine y(2).
6
Let a(k) = -k + 4. Let y(t) = 2*t**3 - t**2. Let d be y(1). Let q = 0 + d. Let v be (3/2)/(q/2). Determine a(v).
1
Let s(x) = -x + 20. Let c be s(17). Let z(i) = -1 + 0*i**2 - 2*i**3 - i - 2*i**2 + 4*i**3 - c*i**3. Determine z(-3).
11
Let l(v) = -v**3 + 22*v**2 + 23*v + 6. Let u be l(23). Let t(m) = -2*m + 5. Give t(u).
-7
Let d(z) = -z**3 - 3*z**2 + z + 2. Let o be d(-3). Let f(q) = q**2 + 2*q + 1. What is f(o)?
0
Suppose 2*b - n = -b + 16, 2*n - 4 = 0. Let y(d) = d - 3. Give y(b).
3
Let g(v) = 4*v**2 + 10*v - 3. Let n(u) = u**2 + 3*u - 1. Let h(r) = 2*g(r) - 7*n(r). What is h(2)?
3
Let w(m) = 8*m + 1. Let k = 100 - 102. Determine w(k).
-15
Let q(w) be the third derivative of w**5/60 - w**4/12 - w**3/3 + 3*w**2. Let u(s) be the first derivative of q(s). Suppose -4*d = -d + 6. Determine u(d).
-6
Suppose -8*a - a - 45 = 0. Let g(o) = -o**3 - 7*o**2 - 6*o + 1. What is g(a)?
-19
Let d(i) = -2 + 0*i - i + 3*i. What is d(5)?
8
Let d(f) = -1 + 8*f - 6*f + 1. What is d(4)?
8
Let g(a) = a**2 - 7*a. Let s(j) = -2*j**2 + 15*j - 1. Let f = -10 - -5. Let v(n) = f*g(n) - 2*s(n). Calculate v(4).
6
Suppose 0 = 2*i + 4*g, 0*i - 4*i + 2*g = 20. Let b(v) = -v**2 - v + 2. Calculate b(i).
-10
Let k(x) = -x - 1 - 5 + 0. Suppose 8 = -4*y - 12. Let l be k(y). Let q(a) = 5*a. Give q(l).
-5
Let g(p) be the first derivative of -2*p - 3 + 1/2*p**2. Determine g(5).
3
Let q(o) = -o**3 - o. Let n(v) = -2*v**3 + 3 - 3*v**2 + 0*v**3 + 4*v**3 - 3*v. Let y(w) = n(w) + q(w). Let k be 3/(-6) - 9/(-2). Calculate y(k).
3
Suppose -6*c + 5*o = -2*c - 44, 4*c = -2*o + 16. Let y(m) = -m**3 + 6*m**2 - 4. Give y(c).
-4
Let v(b) = 9*b**3 + 1. Suppose 0 = -0*k + k - 5*n - 24, -2*k = -5*n - 23. Let q = -7 - -1. Let f be -2*((-9)/q + k). What is v(f)?
-8
Let u(v) = -v**3 + 6*v**2 - 5*v - 3. Suppose 4*b - 117 = b. Suppose 4*c - b = 1. Let n be 54/c + 2/(-5). Calculate u(n).
-3
Let b(c) = 3*c - 5. Let v(i) = -2*i + 4. Let n(q) = 3*b(q) + 4*v(q). Calculate n(7).
8
Let u be (-15 - -15)/((1 - 1) + 2). Let v(a) = 10*a - 31. Let o(z) = -7*z + 21. Let n(d) = -7*o(d) - 5*v(d). Calculate n(u).
8
Let u(y) be the second derivative of -y**3/3 + 3*y**2 - 9*y. Suppose -6 = -2*p + 4. Give u(p).
-4
Let y(j) = -2 + 3*j + 0 + j. Let r(t) = -3*t + 2. Let p(a) = 5*r(a) + 4*y(a). What is p(5)?
7
Let l be (1 + (-2)/6)*3. Suppose -i + 2*q = -2*i + 3, 6 = l*i - q. Let x(z) = z + 3. Let h(v) = -v**2 - 2*v - 9. Let y(m) = -2*h(m) - 7*x(m). Determine y(i).
6
Let j(a) = 2*a + 8 + 5 - 1 - 4. Give j(-6).
-4
Suppose 0 = 4*m + 3 + 1. Let q = m + 2. Let k(f) = -7*f**3 - f**2 + f - 1. Let t(n) = -6*n**3 - n**2 + n - 1. Let r(z) = 3*k(z) - 4*t(z). Give r(q).
4
Let m(x) = -15*x**2 + x - 475 + 239 + 236. Determine m(1).
-14
Let b(k) = 2 + 3*k**2 + 0 + 3 - 5*k + k**3 - 2. Suppose -3*h + 9 + 3 = 0. Let i(p) = -p**2 + 3*p. Let o be i(h). What is b(o)?
7
Let l(n) = -n**2 + n + 1. Suppose 5*s = -0*s + 5*g - 20, 2*s + 4 = 3*g. Let q = s + 10. Determine l(q).
-1
Suppose -4*i + 5*i - 2 = 0. Let k(a) = 4*a + 1. What is k(i)?
9
Let q = 11 - 9. Let r(u) = -u**3 + 2*u - 2. Determine r(q).
-6
Let p(t) = -5*t. Let l(i) = 4*i. Let x(d) = 4*l(d) + 3*p(d). Give x(-4).
-4
Let o(u) be the first derivative of u**4/4 + u**3 + u**2 - 19. What is o(-2)?
0
Suppose 19*x + 5 = 20*x. Let a(j) = -j**2 + 3*j + 3. Give a(x).
-7
Let d(l) = -l - 16. Suppose 0*w = -3*h + 2*w - 19, 4*w = -5*h - 39. Determine d(h).
-9
Let n(d) = 0*d**3 + d**2 + d**3 - 4 - 5*d**2. Suppose 5*k - 20 = -0*k. Determine n(k).
-4
Let q be (2/(-4))/(2/(-12)). Suppose -q*i - 2*h + 52 = 2*i, -i - h = -11. Let b = i + -7. Let w(y) = -y**2 + 5*y - 3. What is w(b)?
3
Suppose 2*d = 3*d + 4*w + 16, 3*d - 16 = 4*w. Let x(i) = 3*i**3 + i**2 - 2*i**3 + i - 2*i - 8. Determine x(d).
-8
Let f(i) = -i**3 + 4*i**2 + 5*i + 2. Let p be (-15)/35 + (-38)/(-7). Calculate f(p).
2
Let s(j) = -j**2 + j + 2. Let n be s(-2). Let p(f) be the first derivative of f**2 + f - 7. Calculate p(n).
-7
Let k(j) be the second derivative of -j**4/12 - 5*j**3/6 + j**2/2 - j - 2. What is k(-6)?
-5
Let x(w) = -w. Let r(j) = j**2 - 4*j - 1. Let f(n) = -r(n) - 2*x(n). Let c = -2 - -7. Determine f(c).
6
Let j(m) = -m**2 - 1. Let k(p) = -6*p - 26. Let z be k(-4). Give j(z).
-5
Let t(b) be the second derivative of 3*b**5/20 - b**4/6 - b**3/6 - b**2/2 - 14*b. Calculate t(2).
13
Let f(y) = -y**3 + 3 + 2*y + 103*y**2 - 213*y**2 + 105*y**2. What is f(-6)?
27
Suppose 2*a + 3 = 3*a. Let o(d) = a*d - 7*d + 6*d. Let f(j) = j**3 - 2*j - 2. Let t be f(-1). Calculate o(t).
-2
Let r(h) = -h**3 + 6*h**2 - h - 11. Let s(g) = -g**2 - 1. Let y(z) = -r(z) - 5*s(z). Determine y(0).
16
Let t(g) = -g**2 + 4*g - 2. Let i be (-2)/8 + (-552)/(-32). Suppose 4*b + 1 = i. Determine t(b).
-2
Let l(d) = d**3 - 6*d**2 + 5*d - 8. Let q(h) = h**3 - 16*h**2 + 19*h - 54. Let y be q(15). What is l(y)?
22
Let m(a) = 3*a - 12. Let t(h) = 4*h - 1. Let g(l) = l - 1. Let y(x) = -10*g(x) + 2*t(x). Let d(f) = 5*m(f) + 7*y(f). Let q = -1 + 6. What is d(q)?
1
Let v = -20 + 23. Suppose -5*g - v - 13 = -3*a, -5*a = 5*g - 40. Let k(c) = -c**3 + 7*c**2 + 5. Give k(a).
5
Let z(a) = 2 + 3*a**2 - 4*a + 1 - a**3 + 0*a**2 + 0. Calculate z(2).
-1
Let o = -6 + 10. Let w(g) = g**2 - 4*g + 3. What is w(o)?
3
Let g(q) = 3*q + 1. Let i(j) = -j**2 + 2*j - 3. Let v be i(0). What is g(v)?
-8
Let c(h) be the first derivative of -h**4/4 + h**3 - h**2/2 + 2*h - 4. Let s be (-5)/2 + 3/(-6). Let k be (-10)/s - 2/6. Calculate c(k).
-1
Let k(p) be the first derivative of 5 + 0*p**2 - 2/3*p**3 + 1/4*p**4 + p. Give k(3).
10
Let y(j) = 2*j**3 + 3*j**2 + j. Let l = 22 - 2. Let v = -29 + l. Let t be 20/v + (-2)/(-9). Give y(t).
-6
Let j(v) = -15*v**2 - v + 1. Let g be (-6)/(-5) + (-5)/25. Determine j(g).
-15
Let l(q) = q**2 + 6*q - 5. Let c(n) = -3*n**2 - 18*n + 14. Suppose 2*x = -2*x + 24. Let t(p) = x*c(p) + 17*l(p). Calculate t(-5).
4
Let b(g) = 7*g**3 + g**2 + 3*g + 9. Let z(j) = -3*j**3 - j - 4. Let v(d) = -2*b(d) - 5*z(d). Give v(3).
8
Let o(u) be the first derivative of -u**2/2 - 6*u + 20. Suppose 8*i = 4*i. Give o(i).
-6
Let f(z) = -z. Let q(p) = 4 + 3 - 3*p - 3. Suppose 3*t + 5*n = -2*t - 30, -18 = -t + 5*n. Let b(u) = t*f(u) + q(u). What is b(0)?
4
Let w(j) = j + 6. Suppose 0*z - z + 5*t + 5 = 0, -4*t = 8. Give w(z).
1
Let t(q) = -q - 1. Let r be -1*2/4*2. Let g(i) be the third derivative of -i**4/12 - 5*i**3/6 + 6*i**2. Let v(w) = r*g(w) + 5*t(w). What is v(2)?
-6
Let i(u) = u**3 - 3*u**2 - 2*u - 4. Let p(r) = r**3 - 8*r**2 - 8*r - 5. Let f be p(9). Determine i(f).
4
Let a(g) = -g**3 + g**2 - g - 4. Let b = 2 - 3. Suppose 3*c - 1 - 2 = 0. Let s = b + c. Determine a(s).
-4
Let o be 0 - (3 - 28/8). Let r(n) be the first derivative of 3 + 6*n + o*n**2. What is r(-5)?
1
Let p(v) = -v**2 + 3*v - 1. Suppose 2*q + 4 = -4*r, 0 = -4*q - 5*r + 2*r + 7. What is p(q)?
-5
Let v(m) = -80*m - 1 + 40*m + 39*m. What is v(3)?
-4
Let r = 8 - 6. Let n be (r - 2 - -2) + 1. Suppose 1 = l + n. Let v(k) = k**2 - k - 2. Calculate v(l).
4
Let s(y) be the second derivative of -y**7/840 - y**6/120 + y**5/30 + y**4/24 - y**3/3 + y. Let m(h) be the second derivative of s(h). Calculate m(-4).
1
Let q(g) = -5*g - g**3 - 12 + 5*g + 13 + g. Give q(0).
1
Let i(y) = -y**2 - 11*y - 10. Let j be i(-10). Let n(b) = b + j*b - 2*b. Give n(5).
-5
Let r(s) = 3*s**3 - 10*s**3 + s**3 + 5*s**3 - s. Give r(1).
-2
Suppose 3*b - 4*b - 5 = 0. Let k(s) = s**3 - 6 + 5*s**2 + 3 - 6*s + 3*s. Determine k(b).
12
Let y(m) = -m + 11. Suppose 5 = 3*k - 5*d, -3*k + 4*d = -8 + 1. Calculate y(k).
6
Let t(m) be the second derivative of -m**5/20 - m**4/4 - 2*m**3/3 - m**2 - 35*m. What is t(-3)?
10
Let p(x) = x**3 - 3*x**2 - 6*x + 6. Let r(y) = -y + 1. Let b(o) = p(o) - 2*r(o). Calculate b(4).
4
Suppose -5 = 2*x - 11. Let r(t) = 9 + 42*t - x - 41*t. Suppose 6 = -y + 1. Determine r(y).
1
Let d(w) = -w - 2. Let a be (11/5 + -1)/(15/(-50)). Calculate d(a).
2
Let b(p) = 4*p**2. Let o be b(1). Let q(h) = h + o - h + h**2 - 5*h. Calculate q(5).
4
Let q(y) be the first derivative of -y**3/3 - 2*y**2 + y + 11. 